 the units digit of 751?
1
What is the hundreds digit of 662?
6
What is the thousands digit of 1637?
1
What is the units digit of 1809?
9
What is the ten thousands digit of 57447?
5
What is the thousands digit of 33216?
3
What is the tens digit of 6423?
2
What is the hundreds digit of 129?
1
What is the tens digit of 80?
8
What is the hundreds digit of 7752?
7
What is the units digit of 8879?
9
What is the hundreds digit of 21253?
2
What is the tens digit of 4177?
7
What is the ten thousands digit of 17585?
1
What is the tens digit of 3022?
2
What is the hundreds digit of 688?
6
What is the hundreds digit of 769?
7
What is the ten thousands digit of 18776?
1
What is the hundreds digit of 1749?
7
What is the tens digit of 3614?
1
What is the thousands digit of 84695?
4
What is the hundreds digit of 679?
6
What is the hundreds digit of 1450?
4
What is the tens digit of 478?
7
What is the tens digit of 27991?
9
What is the thousands digit of 7875?
7
What is the ten thousands digit of 20653?
2
What is the units digit of 28747?
7
What is the thousands digit of 4545?
4
What is the thousands digit of 157227?
7
What is the tens digit of 727?
2
What is the units digit of 16676?
6
What is the hundreds digit of 166037?
0
What is the units digit of 958?
8
What is the units digit of 654?
4
What is the tens digit of 51230?
3
What is the ten thousands digit of 28260?
2
What is the tens digit of 20969?
6
What is the units digit of 15793?
3
What is the hundreds digit of 1167?
1
What is the hundreds digit of 30457?
4
What is the tens digit of 658?
5
What is the tens digit of 81044?
4
What is the tens digit of 5727?
2
What is the ten thousands digit of 29073?
2
What is the hundreds digit of 5416?
4
What is the units digit of 2133?
3
What is the units digit of 100726?
6
What is the units digit of 107862?
2
What is the tens digit of 577?
7
What is the units digit of 8907?
7
What is the thousands digit of 9761?
9
What is the tens digit of 2558?
5
What is the hundreds digit of 460?
4
What is the tens digit of 105443?
4
What is the units digit of 1121?
1
What is the units digit of 12934?
4
What is the ten thousands digit of 14803?
1
What is the units digit of 3442?
2
What is the units digit of 1139?
9
What is the units digit of 15165?
5
What is the hundreds digit of 42815?
8
What is the tens digit of 907?
0
What is the units digit of 539?
9
What is the tens digit of 40941?
4
What is the units digit of 43?
3
What is the hundreds digit of 7873?
8
What is the hundreds digit of 448?
4
What is the thousands digit of 5186?
5
What is the tens digit of 1190?
9
What is the units digit of 725?
5
What is the hundreds digit of 19812?
8
What is the units digit of 2732?
2
What is the units digit of 338?
8
What is the units digit of 2848?
8
What is the units digit of 975?
5
What is the hundreds digit of 7614?
6
What is the tens digit of 2633?
3
What is the units digit of 38488?
8
What is the thousands digit of 3202?
3
What is the thousands digit of 8172?
8
What is the ten thousands digit of 11378?
1
What is the ten thousands digit of 13783?
1
What is the thousands digit of 36293?
6
What is the ten thousands digit of 23230?
2
What is the hundreds digit of 3073?
0
What is the hundreds digit of 679?
6
What is the tens digit of 1642?
4
What is the units digit of 391?
1
What is the units digit of 4821?
1
What is the units digit of 11123?
3
What is the units digit of 2612?
2
What is the thousands digit of 4436?
4
What is the thousands digit of 1831?
1
What is the hundreds digit of 9454?
4
What is the hundreds digit of 30117?
1
What is the thousands digit of 7694?
7
What is the tens digit of 1984?
8
What is the hundreds digit of 514?
5
What is the hundreds digit of 37453?
4
What is the ten thousands digit of 34244?
3
What is the units digit of 1830?
0
What is the units digit of 55090?
0
What is the thousands digit of 34262?
4
What is the ten thousands digit of 15491?
1
What is the tens digit of 3230?
3
What is the hundreds digit of 415?
4
What is the tens digit of 53497?
9
What is the units digit of 2848?
8
What is the hundreds digit of 27740?
7
What is the units digit of 3306?
6
What is the hundreds digit of 1328?
3
What is the units digit of 5083?
3
What is the thousands digit of 5745?
5
What is the ten thousands digit of 143148?
4
What is the ten thousands digit of 72916?
7
What is the units digit of 1788?
8
What is the tens digit of 35417?
1
What is the hundreds digit of 94261?
2
What is the hundreds digit of 2174?
1
What is the tens digit of 2892?
9
What is the thousands digit of 1048?
1
What is the ten thousands digit of 13089?
1
What is the tens digit of 398?
9
What is the units digit of 931?
1
What is the tens digit of 31501?
0
What is the ten thousands digit of 32699?
3
What is the thousands digit of 1582?
1
What is the tens digit of 111757?
5
What is the units digit of 50177?
7
What is the hundreds digit of 124?
1
What is the hundreds digit of 45303?
3
What is the units digit of 2579?
9
What is the hundreds digit of 13388?
3
What is the units digit of 433?
3
What is the tens digit of 184?
8
What is the thousands digit of 1974?
1
What is the tens digit of 563?
6
What is the tens digit of 15858?
5
What is the hundreds digit of 358?
3
What is the tens digit of 37297?
9
What is the units digit of 1445?
5
What is the thousands digit of 154124?
4
What is the thousands digit of 8154?
8
What is the ten thousands digit of 108038?
0
What is the tens digit of 11633?
3
What is the thousands digit of 32515?
2
What is the hundreds digit of 1027?
0
What is the thousands digit of 1586?
1
What is the thousands digit of 88567?
8
What is the tens digit of 4166?
6
What is the units digit of 3611?
1
What is the thousands digit of 1561?
1
What is the thousands digit of 6006?
6
What is the thousands digit of 10282?
0
What is the ten thousands digit of 27562?
2
What is the thousands digit of 2038?
2
What is the thousands digit of 21638?
1
What is the thousands digit of 1126?
1
What is the ten thousands digit of 10789?
1
What is the units digit of 3620?
0
What is the tens digit of 1707?
0
What is the units digit of 982?
2
What is the tens digit of 1154?
5
What is the hundreds digit of 53790?
7
What is the units digit of 53608?
8
What is the hundreds digit of 226?
2
What is the units digit of 641?
1
What is the tens digit of 8400?
0
What is the units digit of 26179?
9
What is the units digit of 445?
5
What is the tens digit of 792?
9
What is the tens digit of 3107?
0
What is the hundreds digit of 82882?
8
What is the tens digit of 36300?
0
What is the tens digit of 1028?
2
What is the ten thousands digit of 52888?
5
What is the tens digit of 9612?
1
What is the tens digit of 31879?
7
What is the tens digit of 2708?
0
What is the hundreds digit of 536?
5
What is the units digit of 484?
4
What is the units digit of 11780?
0
What is the thousands digit of 6860?
6
What is the units digit of 15371?
1
What is the tens digit of 21302?
0
What is the ten thousands digit of 61500?
6
What is the ten thousands digit of 141066?
4
What is the thousands digit of 3704?
3
What is the tens digit of 734?
3
What is the hundreds digit of 8303?
3
What is the hundreds digit of 160?
1
What is the tens digit of 3137?
3
What is the hundreds digit of 528?
5
What is the thousands digit of 21853?
1
What is the tens digit of 43853?
5
What is the units digit of 52292?
2
What is the tens digit of 4407?
0
What is the units digit of 10527?
7
What is the units digit of 2325?
5
What is the units digit of 6931?
1
What is the thousands digit of 2051?
2
What is the tens digit of 7505?
0
What is the units digit of 804?
4
What is the hundreds digit of 43386?
3
What is the units digit of 19776?
6
What is the thousands digit of 1153?
1
What is the thousands digit of 133361?
3
What is the tens digit of 5290?
9
What is the units digit of 51247?
7
What is the units digit of 5327?
7
What is the thousands digit of 47905?
7
What is the hundreds digit of 73402?
4
What is the units digit of 19287?
7
What is the units digit of 14530?
0
What is the thousands digit of 2926?
2
What is the units digit of 71953?
3
What is the units digit of 6330?
0
What is the tens digit of 3337?
3
What is the thousands digit of 3062?
3
What is the thousands digit of 4045